hat are the prime factors of b?
2, 11
Let s(c) = -c**3 - 8*c**2 + 8*c - 2. Let l be 2 - (-7)/(7/2). Suppose -l*m = 8 + 28. List the prime factors of s(m).
7
Suppose r - 12 = -5*r. Suppose -5*y = 3*v - 69, 24 = r*y - v + 4*v. List the prime factors of y.
3, 5
Suppose -36*d + 240 = -33*d. Let u be ((-15)/2)/(2/(-4)). What are the prime factors of u/2*d/12?
2, 5
Suppose 9*b - 1941 = 18417. List the prime factors of b.
2, 3, 13, 29
Let s = -1166 + 1976. What are the prime factors of s?
2, 3, 5
Let m be (1*4)/((-8)/4). Let o(y) = -2*y + 1. Let w be o(m). Suppose -w*b - 15 = 5*s, 0 = -0*b + b - 4*s - 22. What are the prime factors of b?
2
Suppose y = -4*y - g, 4*g + 16 = -4*y. Let s(c) be the third derivative of 11*c**4/12 + c**3/6 - c**2 - 24*c. List the prime factors of s(y).
23
Let v(h) = 40*h**2 - 31*h - 140. What are the prime factors of v(-4)?
2, 3, 13
List the prime factors of 5 - (-1336 - (-7)/(-7)).
2, 11, 61
Suppose 5*c - 9 = 2*j + 9, -3*c = 4*j + 10. Let k = c - -3. Suppose 0 = -2*q + 3*q + k*v - 23, 55 = 3*q + v. List the prime factors of q.
2, 3
Suppose -5*i + 13 + 337 = 0. What are the prime factors of i?
2, 5, 7
Suppose 54*b - 13722 = -168. List the prime factors of b.
251
Suppose 3*s - 5*g - 9403 = 0, 3*s - 3*g - 5053 - 4358 = 0. What are the prime factors of s?
3, 349
Suppose -3*g = -5*f - 1009, -5*g - 3*f + 0*f = -1693. List the prime factors of g.
2, 13
Suppose 73*z + 2928 = 81*z. What are the prime factors of z?
2, 3, 61
List the prime factors of (-8075)/(-6) - 6/(-36).
2, 673
Let k = -322 - -54. Let b = k + 538. What are the prime factors of b?
2, 3, 5
Let p(c) = 13*c**3 - 32*c**2 - 35*c - 2. Let v(a) = -2*a**3 - a - 1. Let h(f) = -p(f) - 6*v(f). List the prime factors of h(33).
2, 17
Let o(a) = a**2 + 9*a + 14. Suppose 0 = -2*g - 1 + 5. Let x be (5/g)/((-2)/8). List the prime factors of o(x).
2, 3
Let u(v) = 10*v**3 - 4*v**2 + 3*v - 1. Let k be -1 + 0 + 4/(4/3). List the prime factors of u(k).
3, 23
Suppose 385 + 181 = 4*s + 3*j, 0 = -5*s + 3*j + 721. Let c = -45 + 120. Let g = s - c. List the prime factors of g.
2, 17
Let k(n) = 13 + 9*n + 18 - 10*n + 26*n. List the prime factors of k(8).
3, 7, 11
Suppose -4*w = -5*v - 640, -69 = -3*w + v + 400. Suppose 3*c = 2*z - w, 0 = -5*c - z - 196 - 58. Let o = -31 - c. What are the prime factors of o?
2, 5
Suppose 5*g - 52 = 58. Let v = g + -5. Suppose v = 11*i - 10*i. What are the prime factors of i?
17
Let l = -954 - -1181. List the prime factors of l.
227
Let v(p) = 2*p - 4*p + 3*p + 14. Let y be v(-12). Suppose -35 = -y*q + 37. List the prime factors of q.
2, 3
Let h(z) = -z**2 - 4*z. Let m be 3*2/(8/(-4)). Let f be h(m). List the prime factors of ((-1)/f)/((-11)/1254).
2, 19
Let w = -3 + 5. Let g be (4 + -3 - w)*7. Let k(l) = l**3 + 8*l**2 + 4*l - 10. What are the prime factors of k(g)?
11
Let z = 27 + -24. Suppose h + g = -3, 4*h - z - 3 = 5*g. List the prime factors of 24 + (h - 2 - -3).
2, 3
Suppose -4*n - 4*w = -21476, -3*n - 2*w + 5*w + 16083 = 0. What are the prime factors of n?
5, 29, 37
List the prime factors of (-3 - -4)/((-8)/(-2240)).
2, 5, 7
Let p be 2/(-8) - (-20)/16. Let j be (-2)/(0 - 3/(-6)). List the prime factors of ((-1)/p)/(j/116).
29
Let q = 22 - 24. Let h(u) = 10*u**2 - 6*u. What are the prime factors of h(q)?
2, 13
Suppose -17 = -3*n + 7. Suppose -n*o - 270 = -13*o. Suppose -3*s + 5*j = -o, 3*s - 78 = -4*j + j. What are the prime factors of s?
23
Let t(r) = -184*r + 22. List the prime factors of t(-3).
2, 7, 41
Let t = -46 - -66. Suppose 0*n + t = -n + z, -2*z - 85 = 3*n. Let f = n + 59. List the prime factors of f.
2, 17
Suppose -9*t + 2982 + 2076 = 0. What are the prime factors of t?
2, 281
Suppose 6*m = m + 3*s + 124, 0 = -4*s + 8. Suppose 5*b = 3*q + 25, 0*b = 3*b - 4*q - m. Suppose b*n - n = 18. List the prime factors of n.
2, 3
Let a = 49 + -49. Suppose 6*q - 401 - 355 = a. List the prime factors of q.
2, 3, 7
Let p = 36 - 25. Suppose -151 = -2*h + 4*d - p, 0 = -3*h + 2*d + 222. What are the prime factors of h?
2, 19
Suppose 16 = -4*m, 0 = 2*o + 3*o - 4*m + 9. List the prime factors of (-1360)/(-25) - -5 - (-2)/o.
59
Let r = -869 - -1511. List the prime factors of r.
2, 3, 107
Suppose 0 = -i + r + 800, -2*r + 788 = i - 0*i. What are the prime factors of i?
2, 199
Let o = -76 + 184. Suppose 0 = 7*i - 8*i + 5. Suppose i*h = o + 2. What are the prime factors of h?
2, 11
What are the prime factors of (-575)/230*(-632)/5?
2, 79
Let p(y) = 1 - 5 + y**3 - y**2 - 3*y**2 - y + 8. Let k be p(5). Let g = -6 + k. What are the prime factors of g?
2, 3
Let q be (-2)/(-11) - 40/(-22). Suppose -q*k = 99 - 13. Let c = k - -72. What are the prime factors of c?
29
Let q(l) = -3*l + 3 + 4*l**3 - l**2 + 7 - 6 - 1. What are the prime factors of q(2)?
5
Let t(u) = u**3 - 11*u**2 - 17*u - 3. Let d be (-39)/9*(1 - 4). Let p be t(d). Suppose -f = -k - 22, 4*k + p = 5*f - 0*k. List the prime factors of f.
2, 13
Let t(u) = 58*u - 1. Suppose -2*j + 0*j = -2. List the prime factors of t(j).
3, 19
Suppose -3146 - 1404 = -13*t. What are the prime factors of t?
2, 5, 7
Let f(p) = p**3 + 32*p**2 + 10*p - 43. What are the prime factors of f(-29)?
2, 3, 5, 73
Let x(c) = -2*c**3 - c - 50. List the prime factors of x(-6).
2, 97
Let w be 1*(0 + (-1 - 3)). List the prime factors of 1 + w - (-10)/(50/645).
2, 3, 7
Suppose -5*f + 4*s - 165 = 0, -s = f - 6*s + 33. Let t be (22/f)/((-2)/24). What are the prime factors of (2 - 1) + t + 2?
11
Let v(t) = -10 + 1 + 2*t**2 - 6*t**2 + 15*t - t**3 - 1. What are the prime factors of v(-8)?
2, 3, 7
Let u(y) = -241*y - 532. List the prime factors of u(-14).
2, 7, 29
Suppose 9*a - 8*a + 1 = 0, 0 = 3*h + 4*a - 776. Let v = h - 144. What are the prime factors of v?
2, 29
Let u(h) = 57*h**2 + 7*h - 48. List the prime factors of u(7).
2, 11, 127
Suppose -2*p - u - 632 = -4*p, 2*u - 8 = 0. What are the prime factors of p?
2, 3, 53
Let s = 7 - -75. Suppose -5*m + 647 = -v, m - 3*v - 39 = s. What are the prime factors of m?
2, 5, 13
Let i = 23 + -20. Let q be -3*(-1)/i*27. Let a = q - 6. What are the prime factors of a?
3, 7
Suppose -186 - 323 = -l. List the prime factors of l.
509
Let a(x) = -x**2 + 4*x + 4*x - 10*x. Let c be a(-4). What are the prime factors of -3 - (-7 + 1) - c?
11
Let n(o) = 6*o + 2. Let f be n(1). Suppose 5*w = -f + 58. What are the prime factors of w?
2, 5
Let n(l) = 9*l**2 - 10*l - 65. List the prime factors of n(9).
2, 7, 41
Let o(d) = -4*d**3 - 10*d**2 - d + 5. Let s(r) = 5*r**3 + 11*r**2 + 2*r - 6. Let g(u) = 6*o(u) + 5*s(u). What are the prime factors of g(5)?
2, 5
Let v = -497 + 685. What are the prime factors of v?
2, 47
Suppose 0 = -5*i - 9 + 64. Suppose -5*p - 116 = -336. Let q = p - i. List the prime factors of q.
3, 11
Let q = 7 + 9. Let l be (-1)/(4/q*4). What are the prime factors of (-2)/3*(-10 - l)?
2, 3
Let i(y) be the third derivative of 7*y**6/120 - y**5/20 + y**4/12 + y**3/3 + 3*y**2. Let j = 65 + -63. What are the prime factors of i(j)?
2, 5
Let v(y) = -3*y**3 - 6*y**2 + y - 10. What are the prime factors of v(-7)?
2, 359
Let s(v) = 5*v - 1. Let t be 22/4 - (-1 - 3/6). What are the prime factors of s(t)?
2, 17
What are the prime factors of (3 - 4)*593*(-8 - -7)?
593
Let n = -580 + 910. List the prime factors of n.
2, 3, 5, 11
Let f be (4/(-8))/(2/16). Let v be 4 + 5 - (0 - f). Suppose -2*p - v = -85. What are the prime factors of p?
2, 5
Let v(h) = h**3 + 10*h**2 + 9*h + 6. Suppose 45 = 23*b - 28*b. Let f be v(b). Suppose q - 138 = -2*j, 3*j - f*j = -3*q - 225. List the prime factors of j.
71
Let d(g) = 6 - 3*g**3 + 2*g**3 - 3*g**2 + 2*g + 2*g**2. Suppose 7 = 2*o + 13. List the prime factors of d(o).
2, 3
Let v = -367 + 1311. Suppose 20*c - v = 12*c. What are the prime factors of c?
2, 59
Let n = -59 - -289. List the prime factors of n.
2, 5, 23
Let w be ((-57)/(-6) - 2)*2/3. Let q(h) = -3*h**2 + 20*h - 7. List the prime factors of q(w).
2, 3
Let w(f) = -f**3 + 3*f**2 - 2*f - 1. Let g be w(2). What are the prime factors of 127 - (g + -3 - -8)?
3, 41
Suppose -3*r + 40 = 2*r. Suppose r*v = -0*v + 576. What are the prime factors of v?
2, 3
Suppose -x = -6*x + 175. Let w = 120 - x. What are the prime factors of w?
5, 17
What are the prime factors of 492*(1 + (-14)/(-3))?
2, 17, 41
Let a(b) = -13*b**2 - 3*b - 10. Let m be